 the highest common divisor of c and n?
1
Let s = 3 - 5. Let h be s/6 - (-724)/12. Let a = 271 + -231. What is the highest common factor of h and a?
20
Suppose 24 = 7*f - 39. What is the highest common factor of 216 and f?
9
Let h be (-1 - -3)/(-1*6/(-27)). Calculate the greatest common divisor of h and 63.
9
Suppose -55*g + 7132 + 3425 = -1763. Let v = 2 + 12. Calculate the highest common factor of v and g.
14
Let l(a) = 6*a**2 + 3*a + 1. Let t be l(-1). Let f(b) = b**3 - b**2 - 6*b + 8. Let g be f(t). What is the highest common divisor of g and 224?
32
Let f(n) = -7*n - 399. Let l be f(-62). What is the highest common factor of l and 126?
7
Suppose -9*k + 7*k + 4*d = 266, 0 = 5*k + d + 654. Let a = k + 231. Calculate the greatest common divisor of a and 20.
20
Suppose 5*v = -v - 192. Let a = v - -56. Suppose 0*s - 4*s = -192. Calculate the highest common divisor of a and s.
24
Suppose -2*j = 5*s + 96 - 12, -5*s - 3*j - 81 = 0. Let n = 21 + s. Suppose -2*k - 98 = -n*k. Calculate the highest common divisor of 14 and k.
14
Let u(q) = 4*q**2 - 3*q + 4. Let s be u(2). Suppose -m + 4*g + 23 = 0, -m + 0*m - 5*g = 13. What is the greatest common factor of s and m?
7
Suppose 2*x + 7 = -z, -z - 3*x + 8 = -4*x. What is the highest common divisor of 1 and z?
1
Suppose -y = 3*n - 10, 4*n + 4 = 3*y - 0*y. Suppose 4*l + y*q + 0*q = 92, 0 = -4*l + q + 97. What is the highest common factor of 6 and l?
6
Suppose 0 = v + 6*v - 91. Suppose 4*i + 16 = 4*k - 3*k, -k - i = -6. Let t be (k/(-6))/((-2)/156). What is the highest common factor of t and v?
13
Let n = 23 - 21. Suppose 5*h = 2*v - 98, n*v - 2*h - h = 94. What is the greatest common factor of v and 22?
22
Suppose 0 = 486*y - 503*y + 4760. What is the highest common factor of y and 84?
28
Let o(p) = 2*p**3 - 6*p**2 - 9*p + 8. Let l be o(5). Calculate the highest common factor of 45 and l.
9
Let f(u) = u**2 - 4*u + 4. Let t be f(2). Suppose t*i = 4*i. Suppose 3*z - m = 8, -3*m - 11 = 4*z - i. What is the greatest common divisor of z and 7?
1
Suppose -3*j = 29 - 101. Let v(a) = -a + 4. Let p be v(8). Let k be 1*-1 - (-21 - p). What is the highest common divisor of j and k?
8
Let x(d) be the third derivative of -d**5/60 + 3*d**4/8 - d**3/3 - 24*d**2. Let r be x(5). Calculate the greatest common divisor of r and 18.
18
Let r be (-1014 + 0)*(69/18 + -4). Suppose -3*p = 5*t - 59, -2 = -3*t + 5*p + 47. Calculate the greatest common factor of t and r.
13
Let y(z) = -z**2 - 3*z + 12. Let f be y(-5). Let j(b) = b**3 - b**2 + 4*b - 1. Let u be j(f). What is the highest common factor of u and 22?
11
Suppose 4*s = i - 4, -s = i - 11 + 2. Let j be (-96)/2*(-1)/2. What is the greatest common divisor of j and i?
8
Suppose t = 2*s + 2*s + 1, s - 1 = -t. Let j(l) = -5*l**2 + 1. Let k be j(t). Let p be 6*(-1)/k*48. What is the greatest common factor of 9 and p?
9
Suppose 15 = f + 11. Suppose -f*c - c = -910. What is the highest common factor of 14 and c?
14
Let k = 587 - 384. Suppose k + 105 = 11*r. Calculate the greatest common factor of 308 and r.
28
Suppose 399 = m - 96. Calculate the highest common divisor of 55 and m.
55
Let m = 1672 + -1660. Suppose 0 = -q + 5*z + 32, 2*q + z - 14 = q. Let n = 43 + q. Calculate the highest common factor of m and n.
12
Let q be ((-42)/(-4))/((-30)/(-520)). Let p = -120 + q. What is the highest common divisor of 93 and p?
31
Suppose -12*n + 169 = -11*n + 2*k, 5*n = 5*k + 785. Calculate the highest common factor of 14 and n.
7
Let o(n) = -10*n - 35. Let x be o(-4). Suppose -1482 = -18*a + x*a. What is the highest common divisor of a and 19?
19
Suppose -w = -29*w + 140. What is the highest common divisor of w and 235?
5
Let d be -3 + 2 + (249 - -4). What is the highest common divisor of d and 28?
28
Suppose 0 = -2*a - 102 + 1870. What is the highest common factor of 52 and a?
52
Let m be (3 + 1 + -7 + 1)*-35. Calculate the highest common factor of m and 30.
10
Let f be 264/(2 + 6) - 5. What is the highest common factor of f and 868?
28
Let t(j) = 17*j - 9. Let m be t(-4). Let u = m - 61. Let i be u/(-10) + (-1)/(-5). Calculate the highest common divisor of i and 56.
14
Suppose 0 = 52*r - 54*r + 96. Calculate the highest common factor of 264 and r.
24
Let x = 67 - 66. Let h be x - -40 - (4 + -3). Calculate the greatest common divisor of 8 and h.
8
Let j(h) = -h**3 - 8*h**2 - 3*h - 5. Suppose -2*m + 6 = -5*m. Let y be (-12)/(6*m/(-8)). Let v be j(y). What is the highest common divisor of v and 209?
19
Let y(q) = -2*q**2 + q - 2. Let c be y(1). Let b be 1 + 8/(-6)*c. Let p be (b/15)/(2/390). What is the greatest common factor of 26 and p?
13
Let k(r) = -10*r**3 - 3*r - 3. Let d be k(-1). Let v = 275 - 165. Calculate the highest common factor of v and d.
10
Let u be (-11 - -1) + 3 - 3. Let w be (-116)/u + (-4)/(-10). Calculate the highest common divisor of 84 and w.
12
Suppose 2*t + 5*u = t - 13, -u - 13 = -5*t. Let s be 10/(-5) - (0 + 1). Let y = s - -5. Calculate the greatest common factor of t and y.
2
Let l(a) = -2*a**2 - 1. Let c be l(1). Let k be (c/1)/(-1) - 0. Suppose 208 = t + k*t. What is the highest common divisor of 13 and t?
13
Let s be 0*(8/(-12))/(4/6). Suppose -j + s*j = -16. What is the highest common factor of j and 24?
8
Suppose 20 = -5*o, -5*g + 0*g = -2*o + 572. Let b = g + 206. Let a(x) = -30*x - 42. Let y be a(-2). What is the highest common divisor of y and b?
18
Let i = 534 + -504. What is the greatest common divisor of i and 480?
30
Let w be (32/3)/((-7)/(-21)). What is the highest common factor of 10 and w?
2
Suppose 4 = 4*t - 0*t + 5*s, -4*t - s = -4. What is the highest common divisor of t and 27?
1
Suppose -4*u + 25 = u. Suppose 0 = -8*o + u*o + 33. Let h be -9 + o + 2 + 16. What is the greatest common divisor of h and 160?
20
Let d(z) = -35*z + 44. Let y be d(1). What is the greatest common divisor of 693 and y?
9
Let o be 3/2 - (-64914)/124. Calculate the highest common factor of 300 and o.
75
Suppose -3*r = 3*l - 996, 3*l = -20*r + 22*r - 669. Calculate the highest common factor of 27 and r.
9
Suppose 6*w = 2*w. Let x be (-417)/(-2) - ((-1)/(-2) + w). What is the greatest common factor of 26 and x?
26
Let d be 735/(-9) - -3*(-3)/27. Let y = -66 - d. Calculate the greatest common factor of 72 and y.
8
Let n = -12 - -12. Suppose -3*d + 3*o = 2*o - 45, 2*o = n. Let x(z) = z + 135. Let c be x(0). Calculate the highest common divisor of d and c.
15
Let i = 4 + 1. Suppose -138 = 2*p + 2*p + 3*j, j = i*p + 182. Let t be (16/2)/((-8)/p). Calculate the greatest common divisor of 90 and t.
18
Let p be (-13)/6 + 2 - (-1047)/18. What is the greatest common factor of p and 145?
29
Let k(r) = r**3 - 4*r**2 + 5*r - 4. Let l be k(4). Let w be -7*(75/(-84) + 4/(-16)). What is the highest common factor of w and l?
8
Suppose -6*q = -4*q. Suppose q = -3*m, 3*s - 31 - 14 = 2*m. Suppose 15 + s = 5*k. Calculate the greatest common divisor of k and 15.
3
Let f = 12 + -18. Let o be 140/f*(-936)/60. Suppose 3*a - o = -a. What is the highest common factor of 13 and a?
13
Let i be ((-4)/(-1) - 3)*6. Let p be ((-84)/16)/(i/(-32)). Suppose -4*b = -5*r + 4, -3 = -5*b - 2*r + 25. Calculate the highest common divisor of b and p.
4
Let m = -32 - -29. Let d(h) = 1. Let a(x) = 2*x - 3. Let k(f) = m*d(f) + a(f). Let w be k(7). What is the highest common divisor of w and 40?
8
Let j(w) = -6*w - 8. Let f be j(-5). Suppose 5*c - f - 3 = 0. Suppose -40 + 100 = c*y. Calculate the greatest common divisor of 12 and y.
12
Let s = -1520 + 2375. What is the greatest common divisor of s and 90?
45
Let d = 2 - 1. Let b be (-504)/(-8)*(0 + d). What is the greatest common divisor of b and 7?
7
Let f(z) = 2*z + 4. Let c be f(8). Let l be 100/(-4)*(0 + -8). Suppose 0*x + l = 4*x. What is the greatest common factor of c and x?
10
Suppose -k + 1 = -2*k. Let x be -4 + 3 - (-1 + k). Let u = x + 7. What is the greatest common factor of 8 and u?
8
Let r be 70 + 1 + ((-10)/(-5))/2. Let w = 44 + -26. Calculate the highest common factor of r and w.
18
Let c be (316/(-711))/(4/(-54)). What is the greatest common divisor of 321 and c?
3
Let m = -449 + 455. Calculate the highest common divisor of m and 122.
2
Let j = -12541 + 12553. Let y be ((-1 - 0) + 16)*2. What is the greatest common factor of y and j?
6
Let t = 71 